 114?
False
Is 570 a multiple of 15?
True
Is 10 a factor of 2721?
False
Is 8 a factor of 2968?
True
Is 144 even?
True
Does 160 divide 20675?
False
Does 13 divide 1979?
False
Does 12 divide 589?
False
Is 275 a multiple of 6?
False
Does 7 divide 434?
True
Does 46 divide 414?
True
Is 68 a multiple of 2?
True
Is 1364 a multiple of 11?
True
Is 19 a factor of 209?
True
Does 37 divide 971?
False
Does 6 divide 414?
True
Is 1215 a multiple of 3?
True
Is 40 a factor of 680?
True
Is 63 a factor of 159893?
False
Is 43847 a multiple of 163?
True
Is 5 a factor of 87?
False
Is 11 a factor of 1287?
True
Does 14 divide 2702?
True
Is 350 a factor of 120067?
False
Is 11286 a multiple of 19?
True
Is 24 a factor of 66535?
False
Is 48 a factor of 16224?
True
Is 921 a multiple of 3?
True
Does 109 divide 6764?
False
Is 1503 a multiple of 35?
False
Is 395 a factor of 60830?
True
Is 4 a factor of 910?
False
Is 11 a factor of 566?
False
Is 3200 a multiple of 32?
True
Is 7 a factor of 579?
False
Does 9 divide 2403?
True
Does 59 divide 19057?
True
Is 12 a factor of 83?
False
Does 247 divide 32581?
False
Is 2972 a multiple of 5?
False
Is 2592 a multiple of 32?
True
Is 28 a factor of 1624?
True
Does 30 divide 2490?
True
Is 1644 a multiple of 12?
True
Does 78 divide 292?
False
Is 660 a multiple of 22?
True
Does 16 divide 129?
False
Is 1067 a multiple of 2?
False
Is 5 a factor of 45?
True
Is 3 a factor of 497?
False
Does 54 divide 2756?
False
Is 1241 a multiple of 9?
False
Is 59 a factor of 61478?
True
Is 2575 a multiple of 36?
False
Is 25 a factor of 934?
False
Does 20 divide 31500?
True
Is 13496 a multiple of 151?
False
Is 427 a multiple of 21?
False
Is 539 a multiple of 8?
False
Is 660 a multiple of 22?
True
Does 9 divide 23809?
False
Is 456 a multiple of 8?
True
Does 6 divide 210?
True
Is 568 a multiple of 2?
True
Does 22 divide 188?
False
Does 32 divide 35712?
True
Does 22 divide 770?
True
Is 416 a multiple of 32?
True
Is 3503 a multiple of 31?
True
Is 131644 a multiple of 205?
False
Is 6 a factor of 750?
True
Is 4095 a multiple of 105?
True
Is 10 a factor of 16270?
True
Is 44704 a multiple of 44?
True
Does 48 divide 720?
True
Is 16 a factor of 390?
False
Does 21 divide 1754?
False
Is 2760 a multiple of 17?
False
Is 9 a factor of 1521?
True
Does 294 divide 3850?
False
Is 512 a multiple of 9?
False
Is 31 a factor of 21420?
False
Does 27 divide 73575?
True
Is 89186 a multiple of 36?
False
Does 63 divide 75110?
False
Does 85 divide 12150?
False
Does 38 divide 1140?
True
Is 41 a factor of 6210?
False
Is 5980 a multiple of 23?
True
Is 81 a multiple of 29?
False
Is 4840 a multiple of 110?
True
Is 6 a factor of 212?
False
Is 17106 a multiple of 12?
False
Is 14 a factor of 94?
False
Is 2436 a multiple of 84?
True
Does 6 divide 449?
False
Is 6 a factor of 496?
False
Is 7 a factor of 987?
True
Does 29 divide 248?
False
Is 179 a multiple of 38?
False
Is 280 a factor of 5629?
False
Is 1161 a multiple of 12?
False
Is 17 a factor of 119?
True
Does 14 divide 364?
True
Does 13 divide 473?
False
Does 29 divide 10934?
False
Is 3930 a multiple of 8?
False
Is 5728 a multiple of 5?
False
Is 520 a multiple of 40?
True
Does 17 divide 85?
True
Is 3209 a multiple of 7?
False
Is 112175 a multiple of 20?
False
Does 269 divide 55414?
True
Does 35 divide 1470?
True
Does 20 divide 1560?
True
Is 11 a factor of 1683?
True
Does 75 divide 15524?
False
Does 45 divide 4635?
True
Is 50137 a multiple of 19?
False
Is 115 a multiple of 5?
True
Does 19 divide 12844?
True
Is 156 a multiple of 26?
True
Is 86 even?
True
Does 2 divide 2816?
True
Is 53 a factor of 12647?
False
Is 117 a factor of 32975?
False
Is 4 a factor of 15058?
False
Does 55 divide 9742?
False
Is 183 a multiple of 6?
False
Is 121 a factor of 5687?
True
Is 44 a factor of 19008?
True
Is 6 a factor of 253?
False
Is 584 a multiple of 7?
False
Is 240 a factor of 27600?
True
Does 5 divide 8868?
False
Is 696 a multiple of 11?
False
Is 48 a factor of 684?
False
Is 537 a multiple of 4?
False
Is 85 a factor of 1275?
True
Is 47250 a multiple of 13?
False
Does 100 divide 20587?
False
Is 15 a factor of 93345?
True
Is 4 a factor of 2248?
True
Does 3 divide 15221?
False
Does 7 divide 390?
False
Does 64 divide 1391?
False
Does 3 divide 48?
True
Is 210 a multiple of 15?
True
Does 4 divide 1541?
False
Is 5292 a multiple of 84?
True
Is 2015 a multiple of 31?
True
Is 12 a factor of 5544?
True
Is 146 a multiple of 6?
False
Is 699 a multiple of 29?
False
Does 103 divide 42848?
True
Does 23 divide 13067?
False
Is 473 a multiple of 43?
True
Is 256 a factor of 2048?
True
Is 135 a multiple of 10?
False
Is 3294 a multiple of 61?
True
Does 9 divide 142641?
True
Is 43 a factor of 409?
False
Does 31 divide 8151?
False
Does 55 divide 4510?
True
Does 14 divide 32637?
False
Is 16 a factor of 896?
True
Is 31376 a multiple of 74?
True
Does 19 divide 71385?
False
Does 136 divide 31257?
False
Is 17 a factor of 19278?
True
Is 11155 a multiple of 97?
True
Is 2876 a multiple of 29?
False
Is 56 a factor of 16576?
True
Is 1029 a multiple of 49?
True
Is 10561 a multiple of 5?
False
Does 224 divide 65632?
True
Is 20 a multiple of 10?
True
Does 14 divide 5585?
False
Is 33 a factor of 1282?
False
Does 21 divide 1276?
False
Is 333 a multiple of 9?
True
Is 104 a factor of 26399?
False
Does 29 divide 551?
True
Is 12 a factor of 2368?
False
Does 20 divide 180?
True
Does 36 divide 37404?
True
Is 582 a multiple of 29?
False
Is 380 a multiple of 4?
True
Is 39741 a multiple of 21?
False
Does 8 divide 437?
False
Is 4 a factor of 8568?
True
Is 18 a factor of 257?
False
Does 21 divide 42?
True
Is 35 a factor of 24360?
True
Does 11 divide 1623?
False
Does 160 divide 14456?
False
Does 16 divide 2320?
True
Is 1285 a multiple of 31?
False
Is 103 a multiple of 38?
False
Does 18 divide 6354?
True
Is 18960 a multiple of 12?
True
Is 480 even?
True
Is 112 a multiple of 2?
True
Is 21 a factor of 39858?
True
Does 114 divide 2508?
True
Is 3 a factor of 13?
False
Is 150 a multiple of 13?
False
Does 66 divide 39193?
False
Is 536 a multiple of 8?
True
Is 8064 a multiple of 16?
True
Is 7 a factor of 7154?
True
Is 330 a multiple of 30?
True
Does 24 divide 761?
False
Is 12496 a multiple of 22?
True
Does 22 divide 4613?
False
Does 106 divide 25484?
False
Is 124 a factor of 1008?
False
Is 1119 a multiple of 5?
False
Is 1053 a multiple of 8?
False
Does 8 divide 760?
True
Is 7379 a multiple of 47?
True
Is 888 a multiple of 18?
False
Is 112 a factor of 57344?
True
Is 5 a factor of 130?
True
Is 3 a factor of 2421?
True
Does 3 divide 99?
True
Is 16 a factor of 99289?
False
Is 86 a factor of 565?
False
Is 1440 a multiple of 16?
True
Is 564 a multiple of 8?
False
Is 2663 a multiple of 48?
False
Does 23 divide 13759?
False
Is 873 a multiple of 97?
True
Does 50 divide 5750?
True
Does 24 divide 7608?
True
Does 28 divide 10822?
False
Is 133 a factor of 133?
True
Does 6 divide 1101?
False
Does 30 divide 17250?
True
Does 2 divide 48?
True
Is 98 a multiple of 18?
False
Does 34 divide 4381?
False
Is 130 a factor of 59979?
False
Is 18 a factor of 1766?
False
Is 49 a factor of 392?
True
Does 33 divide 1122?
True
Is 2772 a multiple of 126?
True
Is 22510 a multiple of 4?
False
Does 12 divide 221?
False
Is 41442 a multiple of 17?
False
Is 190 a multiple of 12?
False
Is 319 even?
False
Does 57 divide 8411?
False
Is 151439 a multiple of 234?
False
Is 19 a factor of 161?
False
Is 155 a multiple of 3?
False
Does 36 divide 2316?
False
Is 65 a factor of 195?
True
Does 21 divide 3441?
False
Is 43 a factor of 112?
False
Is 79 a factor of 711?
True
Is 3481 a multiple of 321?
False
Is 6105 a multiple of 5?
True
Is 2 a factor of 885?
False
Is 3 a factor of 12?
True
Is 31 a factor of 4451?
False
Is 21 a factor of 7035?
True
Is 23 a factor of 115?
True
Is 3068 a multiple of 118?
True
Does 9 divide 7686?
True
Does 43 divide 1333?
True
Does 31 divide 62?
True
Does 111 divide 2230?
False
Does 6 divide 9061?
False
Is 33 a factor of 1485?
True
Is 2160 a multiple of 15?
True
Is 18029 a multiple of 62?
False
Does 21 divide 5355?
True
Is 6441 a multiple of 57?
True
Is 15 a factor of 6120?
True
Is 725 a multiple of 25?
True
Is 3082 a multiple of 27?
False
Is 1014 a multiple of 78?
True
Is 14 a factor of 3458?
True
Is 50076 a multiple of 156?
True
Is 76 a fa